{"id":120366,"date":"2026-04-24T20:17:03","date_gmt":"2026-04-24T18:17:03","guid":{"rendered":"https:\/\/ide.de\/produkt\/mineralisches-kompressoren-oel-fuer-atemluftkompressoren-1l\/"},"modified":"2026-04-28T11:46:22","modified_gmt":"2026-04-28T09:46:22","slug":"mineralisches-kompressoren-oel-fuer-atemluftkompressoren-1l","status":"publish","type":"product","link":"https:\/\/ide.de\/en\/produkt\/mineralisches-kompressoren-oel-fuer-atemluftkompressoren-1l\/","title":{"rendered":"Mineralisches Kompressoren-\u00d6l f\u00fcr Atemluftkompressoren 1L"},"content":{"rendered":"<p>Mineralisches Atemluft-Hochdruckkompressoren- \u00d6l<\/p>","protected":false},"excerpt":{"rendered":"<p>Mineralisches Atemluft-Hochdruckkompressoren- \u00d6l<\/p>","protected":false},"featured_media":9998,"comment_status":"open","ping_status":"closed","template":"","meta":{"_acf_changed":false},"product_brand":[],"product_cat":[141],"product_tag":[],"class_list":{"0":"post-120366","1":"product","2":"type-product","3":"status-publish","4":"has-post-thumbnail","6":"product_cat-sm","8":"first","9":"instock","10":"taxable","11":"shipping-taxable","12":"purchasable","13":"product-type-simple"},"acf":[],"_links":{"self":[{"href":"https:\/\/ide.de\/en\/wp-json\/wp\/v2\/product\/120366","targetHints":{"allow":["GET"]}}],"collection":[{"href":"https:\/\/ide.de\/en\/wp-json\/wp\/v2\/product"}],"about":[{"href":"https:\/\/ide.de\/en\/wp-json\/wp\/v2\/types\/product"}],"replies":[{"embeddable":true,"href":"https:\/\/ide.de\/en\/wp-json\/wp\/v2\/comments?post=120366"}],"wp:featuredmedia":[{"embeddable":true,"href":"https:\/\/ide.de\/en\/wp-json\/wp\/v2\/media\/9998"}],"wp:attachment":[{"href":"https:\/\/ide.de\/en\/wp-json\/wp\/v2\/media?parent=120366"}],"wp:term":[{"taxonomy":"product_brand","embeddable":true,"href":"https:\/\/ide.de\/en\/wp-json\/wp\/v2\/product_brand?post=120366"},{"taxonomy":"product_cat","embeddable":true,"href":"https:\/\/ide.de\/en\/wp-json\/wp\/v2\/product_cat?post=120366"},{"taxonomy":"product_tag","embeddable":true,"href":"https:\/\/ide.de\/en\/wp-json\/wp\/v2\/product_tag?post=120366"}],"curies":[{"name":"wp","href":"https:\/\/api.w.org\/{rel}","templated":true}]}}

Mineralisches Kompressoren-Öl für Atemluftkompressoren 1L

<p>Mineralisches Atemluft-Hochdruckkompressoren- Öl</p>
